{"id":555,"date":"2015-08-26T10:05:42","date_gmt":"2015-08-26T10:05:42","guid":{"rendered":"http:\/\/www.dlv-grafik.dk\/?page_id=555"},"modified":"2016-03-15T10:37:03","modified_gmt":"2016-03-15T10:37:03","slug":"reference","status":"publish","type":"page","link":"http:\/\/www.dlv-grafik.dk\/?page_id=555","title":{"rendered":"Det kan jeg"},"content":{"rendered":"<p>Jeg er superbruger i Photoshop, illustrator og Indesign og de andre programmer, der skal til for at f\u00e5 en grafisk produktion til at k\u00f8re.\u00a0Og med mine mange \u00e5rs erfaring i reklamebranchen har jeg pr\u00f8vet at rentegne stort set alt s\u00e5som store og komplicerede billedmanipulationer, justering af packshots, kampagner til facebook,\u00a0LinkedIn annoncer og billeder, store magasinudgivelser samt kataloger i alle st\u00f8rrelser.<\/p>\n<p>S\u00e5 ingen tryksag er for lille eller for stor. Og med min store erfaring er du ogs\u00e5 sikker p\u00e5 at f\u00e5 den rigtige vejledning s\u00e5 slutresultatet lever helt op til din forventning.<\/p>\n<p>P\u00e5 forsiden (Portfolie) kan du se et udsnit af de opgaver jeg har rentegnet gennem tiden.<\/p>\n<p>I min tid som grafiker har jeg arbejdet p\u00e5 rigtig mange forskellige brands, b\u00e5de som fastansat p\u00e5 reklamebureauer og som freelancer DTP &#038; Grafiker. Her er en lille udsnit af de kunder, jeg har arbejdet p\u00e5 gennem tiden.<\/p>\n<p><a href=\"http:\/\/www.dlv-grafik.dk\/wp-content\/uploads\/2015\/08\/Clintes1.png\"><img loading=\"lazy\" class=\"alignnone size-large wp-image-571\" src=\"http:\/\/www.dlv-grafik.dk\/wp-content\/uploads\/2015\/08\/Clintes1-777x1024.png\" alt=\"Clintes\" width=\"777\" height=\"1024\" srcset=\"http:\/\/www.dlv-grafik.dk\/wp-content\/uploads\/2015\/08\/Clintes1-777x1024.png 777w, http:\/\/www.dlv-grafik.dk\/wp-content\/uploads\/2015\/08\/Clintes1-228x300.png 228w, http:\/\/www.dlv-grafik.dk\/wp-content\/uploads\/2015\/08\/Clintes1-220x290.png 220w, http:\/\/www.dlv-grafik.dk\/wp-content\/uploads\/2015\/08\/Clintes1.png 1500w\" sizes=\"(max-width: 777px) 100vw, 777px\" \/><\/a><\/p>\n","protected":false},"excerpt":{"rendered":"<p>Jeg er superbruger i Photoshop, illustrator og Indesign og de andre programmer, der skal til for at f\u00e5 en grafisk produktion til at k\u00f8re.\u00a0Og med mine mange \u00e5rs erfaring i reklamebranchen har jeg pr\u00f8vet at rentegne stort set alt s\u00e5som store og komplicerede billedmanipulationer, justering af packshots, kampagner til facebook,\u00a0LinkedIn annoncer og billeder, store magasinudgivelser [&hellip;]<\/p>\n","protected":false},"author":2,"featured_media":0,"parent":0,"menu_order":0,"comment_status":"closed","ping_status":"open","template":"","meta":[],"_links":{"self":[{"href":"http:\/\/www.dlv-grafik.dk\/index.php?rest_route=\/wp\/v2\/pages\/555"}],"collection":[{"href":"http:\/\/www.dlv-grafik.dk\/index.php?rest_route=\/wp\/v2\/pages"}],"about":[{"href":"http:\/\/www.dlv-grafik.dk\/index.php?rest_route=\/wp\/v2\/types\/page"}],"author":[{"embeddable":true,"href":"http:\/\/www.dlv-grafik.dk\/index.php?rest_route=\/wp\/v2\/users\/2"}],"replies":[{"embeddable":true,"href":"http:\/\/www.dlv-grafik.dk\/index.php?rest_route=%2Fwp%2Fv2%2Fcomments&post=555"}],"version-history":[{"count":11,"href":"http:\/\/www.dlv-grafik.dk\/index.php?rest_route=\/wp\/v2\/pages\/555\/revisions"}],"predecessor-version":[{"id":728,"href":"http:\/\/www.dlv-grafik.dk\/index.php?rest_route=\/wp\/v2\/pages\/555\/revisions\/728"}],"wp:attachment":[{"href":"http:\/\/www.dlv-grafik.dk\/index.php?rest_route=%2Fwp%2Fv2%2Fmedia&parent=555"}],"curies":[{"name":"wp","href":"https:\/\/api.w.org\/{rel}","templated":true}]}}